 (2 + -1 + (2 - 60))?
62
What is 44 - (26 + 42 + -53)?
29
Evaluate 48 - (21 + 51 + 56).
-80
What is the value of 7 - (-18 + 6) - (-13 + 1 + -1)?
32
Evaluate 7 + -2 + -1 + 3 + 37 + (-12 - 17).
15
Calculate 143 + -104 + 47 + 7.
93
Evaluate -8 - (20 - -16) - ((13 - 29) + 10).
-38
What is the value of -12 - (10 + (26 - 34) + (-9 - -7 - -98))?
-110
What is -42 - (-24 + 19 + -26 + 15)?
-26
What is the value of -14 + (-5 - -5) + -13 + 27 + -9 - -90?
81
17 + -9 + 38 - (7 - -3)
36
14 + -11 + 100 + -21 + 32 + -9
105
13015 - 13087 - (-1 + (-21 - -1))
-51
Calculate (-6 - 14 - -14) + (-21 - (3 - 6)).
-24
Evaluate (0 - 0 - 1) + (12143 - 12123).
19
Calculate 3 + -4 + 23 - (322 - (-151 - -349)).
-102
-5 + (12 - -5) + 15 + -40 - -16
3
Calculate (108 - 79) + -19 + -113 + -1.
-104
Evaluate (8 - (-4 + -4) - -40) + -2 + 1.
55
What is (1 - 7 - (-21 + 25) - -2) + -2 + 40?
30
Evaluate 31 - (-24 - ((-40 - -14) + 11)).
40
-2304 + 2346 - (2 - -11)
29
What is 68 - (-45 - (156 - 348))?
-79
82 - (134 - (0 + 68))
16
(-184 - -159) + (0 - (-46 - 9))
30
Evaluate -4 + -71 - (-4 - ((-8 - -24) + -7)) - -1.
-61
What is (24 - 18 - ((-2 - (0 + -5)) + -1)) + -8?
-4
Calculate -8 + -32 + (-4 - -25) + (36 - 3).
14
What is -258 + 198 - (-7 + 7 + -7 + 24)?
-77
What is -4 + -1 + -24 + -85 + 116?
2
Calculate 0 + -5 - (638 - 671 - ((-14 - 6) + 0)).
8
-259 + 250 + (0 - (52 + -8))
-53
-1 + -6 + -8 + -1 + 11 - -8 - -25
28
What is the value of 3 + -9 - (-41 + 33 + (8 - -31))?
-37
79 + (-28 - (3 + -3))
51
What is the value of -151 - (-118 + 174 + -116)?
-91
Evaluate (-99 - 1) + -5006 + 5202.
96
What is -27 + -74 + 35 + 69?
3
What is the value of 14 + (14 - 86) + 72?
14
What is the value of -274 + 379 + 14 + -10 + -29?
80
(0 - -7) + (19 + -44 - -10) - (23 - 0)
-31
Evaluate -1112 + 1124 - (-1 - 15).
28
Evaluate 1 - -8 - (611 - 623).
21
Evaluate 12 + 21 + -9 + (2 - -4) + 12.
42
Calculate -10 + 24 + 3 - (8 + -9 - 10).
28
Calculate 53 + -20 + 25 + -49 + (-1 - -20).
28
-40 + (15 - 26) + 37 - -33
19
Evaluate 60 - (8 - -47 - 50).
55
-2 + 1 + 11 + (-79 - -8 - -65)
4
Calculate 49 + (-23 - 8 - -19).
37
Evaluate -10 - -2 - (-47 - 28 - -5).
62
What is 13 - (76 - 108 - -129)?
-84
What is 0 - 32 - (33 + -18 - (-11 - -8) - 13)?
-37
14 + -60 + 26 + -9
-29
Evaluate (24 - (-38 + 86)) + 17 - (-27 + -1 + -2).
23
Evaluate -2 - (-108 + (39 - -105)).
-38
What is 135 + -135 - (-3 - -6 - -4 - 4)?
-3
Calculate (-12 - -102 - 55) + -1 + 12.
46
What is the value of 64 + (-142 - -41) + 120?
83
What is 8 + (0 - (5 + -24 + 9 + (9 - -5)))?
4
What is 12 + -18 + -12 + 13 + 3 + 6?
4
What is the value of 107 + (1 - 7 - (245 - 240) - -5)?
101
What is the value of 54 + -125 + 36 - -45?
10
What is 4 - (10 + 1) - (-239 + 270)?
-38
What is 136 + (30 + 13 - 55) - 8?
116
What is (-33 - (-33 + 12) - -6) + 30?
24
27 - (-72 + 73 + 34)
-8
What is -20 - (-129 + 90 - -10)?
9
-51 + 34 + 17 - 14
-14
Calculate -30 + 27 + 7 + -34 + -1 + -14.
-45
-209 + 237 - (37 + -105)
96
5 + 22 + -12 - 4 - (13 - 83)
81
What is the value of (-13 + 12 - (-20 - 8)) + 17 + -25?
19
Calculate 491 - 497 - (1 + -43).
36
Evaluate (33 + -41 - (3 + -1 + (-5 - 1))) + 13.
9
Calculate -48 - (17 - -3 - (58 + -89)).
-99
2 + -7 + (-1 - 0) + 7 + -84 + 93
10
Calculate 29 + -101 - -203 - 41.
90
Evaluate 332 + -324 + 2 + -1 + -8 - (0 + 2).
-1
What is the value of -208 + (7 - -135) - 34?
-100
Calculate (23 - -7) + -9 - (-19 - -20) - -79.
99
Calculate (-37 + 5 + 34 - (1 + 8)) + 15 + -79.
-71
Calculate -1 - -13 - (9 + (-9 + 18 - -63) - 1).
-68
-3 + 4 + (1 - 0) + 1 - (-140 - -65)
78
103 + -14 + -20 + (14 - 9) - (3 - 0)
71
What is the value of (-10 + 3 - 2) + (10 - 26)?
-25
22 + 1 + 0 - (36643 + -36546)
-74
What is -14 + 15 + (-18 - 36) + 12?
-41
What is 350 + -355 + -6 + 43 + 4?
36
Calculate 27 - (-8 + -10 - -24) - (-12 - (-4 + 1)).
30
Calculate -11 + 10 + 9 + 0 - (4 + -25 + 16).
13
34 + -137 + -36 - -94
-45
What is -377 - -352 - (1 - 0 - 67)?
41
Calculate 73 - (-29 + -92 - -224).
-30
47 - (163 - 47 - 51)
-18
What is 113 + -138 - (0 + -6 - 56)?
37
-2 + 20 + 83 + -77 + 10
34
Calculate (-62 - 72 - -115) + (2 - (0 - -1)).
-18
Calculate 2 - (-3 - 4) - (1165 + -1161).
5
Evaluate 62 + 1 - ((1 - -15 - 39) + 7 + 5).
74
What is (87 - 2) + (-8 - (1 - 33)) - -21?
130
What is the value of -8 + (-7 - -4) - (24 + -1 - (2 - 6))?
-38
What is the value of -1 - 60 - (252 - 330)?
17
What is the value of (33 + -46 - 74) + 100?
13
What is the value of (147 - 135) + (-5 - 12 - -4) + (59 - 3)?
55
What is 37 - (-28 + 20 + 10 - (-1 + 0 - -9))?
43
Calculate 30 + 90 + (-145 - -67).
42
Calculate -151 - -146 - ((-3 - 1) + (-85 - -20)).
64
What is the value of -1 + 8 + -7 - -14 - -13?
27
Evaluate -174 + 139 + -13 + -19.
-67
Calculate (-62 - 0) + (-569 - -675).
44
What is the value of (46 - (-7 - -111)) + (23 - 4)?
-39
-11 + 6 + 14 + -3 - (-2 + (-61 - 0))
69
Evaluate -166 - (8 - (291 - -17)).
134
Calculate 13 + (-60 - (-3 - -19)) + 16 - -19.
-28
Calculate (5 - 12) + (43 + -39 + -25 - 2).
-30
Evaluate -29 + -16 + 231 + -200 + 1 + -17.
-30
What is -10 + 3 - (5 + 24 + -9 + -9)?
-18
What is 26 + -44 - (-1 - (9 - 6))?
-14
Evaluate 305 + -316 - (0 - 3) - 33.
-41
What is (2 - (-7 - -8 - -2)) + (1 - 4) + -27?
-31
What is (1 + -2 - (0 - -2)) + 6 + 0?
3
What is the value of -22 - (45 - (30 - -20))?
-17
Evaluate 3 + -15 + 3 + -86 + 115.
20
What is the value of 184 + -138 + (-5 - 3) + (-5 - -2)?
35
What is the value of -26 - (-46 - -19 - 15)?
16
What is the value of 0 + 23 - (-77 + 14 + 38)?
48
What is the value of 32 + (12 - -6) + (9 + -12 - 2)?
45
Evaluate -8 + (-27 - 0) - -46 - (1 - -16 - 3).
-3
Evaluate 27 + (15 - 38) - -94.
98
(9 - 1) + (1 - -19) + -8 + -16
4
Calculate -16 - (8 + -3 + 8 + -29).
0
30 - (44 + -6 - (247 - 305))
-66
Calculate -16 + (-19 - (48 + (18 - (-19 + 51)))).
-69
Evaluate (2889 - 2981) + (3 - -164).
75
48 + (24 - -93) - 75
90
Evaluate (-87 - (-129 - -47)) + -4 + -20.
-29
-18 + 1 - (-40 - (-44 + 111 + 12))
102
Calculate -34 + 11 + 73 + -38 - -64.
76
What is -10 - 24 - -5 - (-15 + 10 - 3)?
-21
What is the value of (-25 - -5) + 1 - (-35 - -20) - -34?
30
What is 3 + -93 + 104 - (0 + 69 + -3)?
-52
What is the value of -17 - (-6 - 26) - (5 + 5 - -87) - -7?
-75
(12872 - 12920) + 0 + 3 + 2
-43
What is -308 + 316 - ((1 - 1) + 5 - -28)?
-25
Evaluate ((9 - ((24 - 8) + -10)) + 3 - -37) + 3.
46
Evaluate (10 - -53) + -28 - -3.
38
(6 + 34 + -11 - -7) + -49
-13
-877 + 881 - (36 - 0)
-32
What is 2 - (58 + -24 - 22) - (-78 - 0)?
68
Evaluate (17 - (-9 + 25 + -3)) + 0 + (6 - -3).
13
(-5 + 21 - 14) + -7 + -23
-28
Calculate 29 + (-31 + 9 - -14) - -22.
43
What is the value of (23 - -2) + (-19 - (-10 + 16 + -10))?
10
Calculate -86 - (-87 + -80) - 51.
30
-63 + (42 - (36 - (-18 - -21)))
-54
Evaluate (-41 - 3) + (-1056 - -1153).
53
Evaluate -110 + -1 - (-139 - (110 + -238)).
-100
43 - (8 - 19) - 117
-63
What is the value of (-1 - (14 + -32 - -20)) + (58 - -1)?
56
Evaluate (6834 - 6842) + (-20 + -2 - 2).
-32
Evaluate (-20 - -17 - -14) + 12 + 22.
45
What is the value of (-38 - -45) + (0 - -33) + (-70 - -68)?
38
Calculate (2 - (-8 + 13 - 8)) + (-132 - -121).
-6
What is the value of 1 + -63 - (-954 - -895)?
-3
Evaluate 34 + (-52 - -21) + 43.
46
(130 - (-60 + 8)) + -92
90
What is (15 + -9 - 12) + 0 + (3 - 3 - 3)?
-9
Evaluate 20 + ((60 - 4) + -18 - -14 - -12).
84
Calculate (-13 - 2) + (-24 - (-38 - -24 - 23)).
-2
Calculate 8 + 1 - (44 + -29 - 9).
3
Evaluate 25 + (19 - 40) + -22.
-18
Evaluate 1 + 0 - -19 - (-293 - (-380 + 41)).
-26
What is -26 + (23 - (-107 + 145))?
-41
Evaluate -114 + -1 + (-19 - -18) + -10 - (5 - 8).
-123
Calculate -18 - -3 - -3 - (-4 - ((17 - 47) + 24)).
-14
-40 - (-29 + 7 + -3)
-15
-284 + 273 - (-5 + 0 + -26)
20
-55 - (-33 - (43 + -140))
-119
-37 - -9 - (21 - 54)
5
Evaluate (-5 - (-1 - -2 - (-71 + 77))) + 4 - 4.
0
What is the value of -1 - (-16 + 2) - (-143 - (-149 + 2))?
9
Evaluate (10 - 10 - 82) + (-21 - 4).
-107
Evaluate (15 - 5) + 1 - (-18 - ((-1 - 24) + -2)).
2
What is (-22 - (0 - (33 - 31))) + 2 + -37?
-55
Calculate 5 - 4 - (-13 - (-51 - -30) - (-24 + 1)).
-30
(63 - (5 - 0)) + (-71 - -112 - 29)
70
(2 - -5 - (-1 + 4 + 8)) + 50
46
Calculate 57 + 7 + -177 + 126.
13
What is the value of -3 + -6 + (1 - (1 + -4)) + (-95 - -74)?
-26
Evaluate 8 - -1 - ((-1683 + 1685 - (0 + -30)) + 19).
-42
Evaluate 2 - 76 - (37 + -21 